s digit of 1296799443?
9
What is the units digit of 1498187343?
3
What is the hundreds digit of 3204244089?
0
What is the units digit of 29558606?
6
What is the tens digit of 5369132?
3
What is the hundreds digit of 1493938755?
7
What is the hundreds digit of 80734009?
0
What is the hundreds digit of 17681713?
7
What is the units digit of 45832537?
7
What is the ten thousands digit of 182637954?
3
What is the hundred millions digit of 164720279?
1
What is the millions digit of 3421479241?
1
What is the hundred millions digit of 6690648457?
6
What is the hundred thousands digit of 536357637?
3
What is the tens digit of 1527531405?
0
What is the units digit of 468121213?
3
What is the units digit of 18175485?
5
What is the hundred millions digit of 3596496208?
5
What is the ten millions digit of 34222256?
3
What is the millions digit of 14502945?
4
What is the ten millions digit of 331079443?
3
What is the millions digit of 790278846?
0
What is the hundred millions digit of 188514012?
1
What is the millions digit of 48073807?
8
What is the billions digit of 1306936851?
1
What is the billions digit of 2685433010?
2
What is the hundred millions digit of 1337702456?
3
What is the hundred thousands digit of 385552427?
5
What is the hundreds digit of 5843955530?
5
What is the units digit of 34897237?
7
What is the millions digit of 2641614912?
1
What is the hundred millions digit of 2545572745?
5
What is the units digit of 359311881?
1
What is the thousands digit of 95910101?
0
What is the millions digit of 2398119?
2
What is the hundred millions digit of 523142885?
5
What is the billions digit of 4105273615?
4
What is the hundred thousands digit of 224433274?
4
What is the hundreds digit of 36386119?
1
What is the hundred thousands digit of 591711631?
7
What is the ten millions digit of 290478620?
9
What is the millions digit of 658357102?
8
What is the hundreds digit of 1556715?
7
What is the thousands digit of 14710281?
0
What is the tens digit of 1668472032?
3
What is the hundred thousands digit of 121679022?
6
What is the millions digit of 35507876?
5
What is the ten thousands digit of 481987581?
8
What is the hundreds digit of 329613656?
6
What is the thousands digit of 78587306?
7
What is the hundred thousands digit of 734399905?
3
What is the ten thousands digit of 27278103?
7
What is the millions digit of 50222077?
0
What is the billions digit of 1447137672?
1
What is the ten thousands digit of 2947673?
4
What is the hundred thousands digit of 4506530364?
5
What is the hundreds digit of 23357598?
5
What is the hundred thousands digit of 1360282711?
2
What is the hundreds digit of 730480290?
2
What is the millions digit of 120203870?
0
What is the hundreds digit of 11560382?
3
What is the ten thousands digit of 43221135?
2
What is the millions digit of 117578360?
7
What is the hundreds digit of 22089956?
9
What is the hundreds digit of 180571908?
9
What is the hundred thousands digit of 2742737067?
7
What is the millions digit of 158557623?
8
What is the tens digit of 55992092?
9
What is the units digit of 3154838266?
6
What is the millions digit of 6665178401?
5
What is the hundreds digit of 1486328025?
0
What is the units digit of 427125259?
9
What is the hundred millions digit of 116257851?
1
What is the hundred thousands digit of 131185875?
1
What is the thousands digit of 86696734?
6
What is the tens digit of 57307651?
5
What is the units digit of 13674223?
3
What is the billions digit of 7503966562?
7
What is the hundred thousands digit of 47402986?
4
What is the hundred millions digit of 306802904?
3
What is the thousands digit of 433578868?
8
What is the tens digit of 2120297?
9
What is the units digit of 31887849?
9
What is the millions digit of 19791337?
9
What is the hundreds digit of 2790548052?
0
What is the ten thousands digit of 803628448?
2
What is the tens digit of 3692480781?
8
What is the ten millions digit of 2283821203?
8
What is the hundred thousands digit of 8671915?
6
What is the ten thousands digit of 91008521?
0
What is the hundred millions digit of 109341540?
1
What is the hundred millions digit of 525102858?
5
What is the hundred millions digit of 2288818868?
2
What is the hundred thousands digit of 73272583?
2
What is the hundred thousands digit of 212615285?
6
What is the tens digit of 169697746?
4
What is the tens digit of 476273424?
2
What is the ten thousands digit of 841873441?
7
What is the tens digit of 3496042096?
9
What is the thousands digit of 2724581202?
1
What is the units digit of 1337032148?
8
What is the tens digit of 2931081865?
6
What is the hundred thousands digit of 763095870?
0
What is the ten thousands digit of 693587588?
8
What is the tens digit of 428400911?
1
What is the billions digit of 1822690785?
1
What is the ten millions digit of 1036166417?
3
What is the ten millions digit of 862833780?
6
What is the ten millions digit of 2047312355?
4
What is the hundreds digit of 153571552?
5
What is the tens digit of 22239164?
6
What is the hundred thousands digit of 3720525106?
5
What is the ten thousands digit of 43623885?
2
What is the tens digit of 732412606?
0
What is the billions digit of 2635841909?
2
What is the ten millions digit of 70178968?
7
What is the thousands digit of 1287623876?
3
What is the thousands digit of 1521861218?
1
What is the thousands digit of 582796323?
6
What is the hundreds digit of 80914638?
6
What is the hundred millions digit of 107451430?
1
What is the units digit of 27451016?
6
What is the hundreds digit of 143904963?
9
What is the hundred thousands digit of 29132374?
1
What is the ten millions digit of 779893181?
7
What is the millions digit of 38642940?
8
What is the units digit of 89202467?
7
What is the hundred thousands digit of 17568363?
5
What is the tens digit of 1321979795?
9
What is the ten thousands digit of 6073584523?
8
What is the units digit of 215390660?
0
What is the tens digit of 119566563?
6
What is the hundreds digit of 4089433095?
0
What is the ten millions digit of 3047650648?
4
What is the units digit of 855927030?
0
What is the hundred thousands digit of 63241455?
2
What is the hundred millions digit of 203260986?
2
What is the ten millions digit of 191658928?
9
What is the thousands digit of 269548885?
8
What is the hundreds digit of 10155881?
8
What is the ten thousands digit of 533338484?
3
What is the hundred thousands digit of 5836318476?
3
What is the hundreds digit of 44481833?
8
What is the millions digit of 4868296948?
8
What is the hundreds digit of 19196320?
3
What is the hundred millions digit of 2847540402?
8
What is the ten thousands digit of 42899537?
9
What is the billions digit of 3393984896?
3
What is the tens digit of 28823569?
6
What is the ten millions digit of 2232575597?
3
What is the hundreds digit of 23336265?
2
What is the ten thousands digit of 184363458?
6
What is the hundreds digit of 391827574?
5
What is the hundreds digit of 411188142?
1
What is the hundreds digit of 866850371?
3
What is the millions digit of 1020244603?
0
What is the ten millions digit of 1069879205?
6
What is the thousands digit of 5269667?
9
What is the ten millions digit of 18362957?
1
What is the ten millions digit of 298121133?
9
What is the hundred thousands digit of 8211135?
2
What is the ten thousands digit of 139129990?
2
What is the units digit of 93324928?
8
What is the ten millions digit of 1725370950?
2
What is the hundred millions digit of 459533582?
4
What is the units digit of 430837730?
0
What is the hundred millions digit of 1360124846?
3
What is the tens digit of 333550?
5
What is the hundred thousands digit of 1598623740?
6
What is the millions digit of 5234720?
5
What is the ten thousands digit of 82115809?
1
What is the hundreds digit of 90863013?
0
What is the hundred thousands digit of 139534392?
5
What is the hundreds digit of 21956316?
3
What is the tens digit of 22415895?
9
What is the units digit of 31129898?
8
What is the hundreds digit of 86481227?
2
What is the hundreds digit of 113955281?
2
What is the millions digit of 1270804?
1
What is the units digit of 64789806?
6
What is the tens digit of 1808978776?
7
What is the hundred thousands digit of 276817876?
8
What is the hundreds digit of 476322770?
7
